3 + q. Let w(v) = 51*v**3 + v**2 - v. Is w(a) a multiple of 18?
False
Suppose -2*t = -4*t + 74. Is t a multiple of 9?
False
Is 2 a factor of (1 + 0)*3 + 0?
False
Suppose 0 = -2*q - 4*c - 36, -2*q + 5*c - 150 = 3*q. Let a be q/(-5) - (-3)/(-15). Suppose a*t - 3*t = 58. Is 12 a factor of t?
False
Suppose 5*u + 18 = 4*p, -5*p = -3*u + 1 - 4. Does 15 divide (-440)/(-15) + (-4)/u?
True
Let m be (2/(-2))/(6/(-114)). Let y be m/7 + (-2)/(-7). Is 1*2 - (-8 - y) a multiple of 6?
False
Let b(m) = m + 13. Let u be b(-9). Suppose 2*s = 3*w + 5 + 8, 2 = u*s + 2*w. Suppose -30 = -3*y - 3*r, -3*y - s*r + 51 = -6*r. Does 13 divide y?
True
Suppose 3*o - 5 = 4. Suppose -274 = -2*y - 4*f - 110, o*y - 4*f = 266. Let s = y + -60. Is 17 a factor of s?
False
Let k(i) = 2*i**2 + 5*i + 4. Suppose y + 15 = -2*y, -2*c = 2*y + 12. Let r be (c + 3/(-1))/1. Is 6 a factor of k(r)?
False
Suppose -2*r = -90 - 96. Suppose 2*f + f = r. Is f a multiple of 15?
False
Let o(k) = -3*k - k**3 + 3 + 0*k - 3*k**2 - k**2. Suppose w - 2 = 0, -5*z - w - w - 11 = 0. Is o(z) even?
False
Let x be 6/4*2/(-3). Let f(y) = -y**3 - 2*y - 1. Let n be f(x). Suppose -4*s - d = -54, 3*s = -n*s + 3*d + 76. Is s a multiple of 14?
True
Let c = 56 + -40. Does 4 divide c?
True
Suppose -5*x = -4*x - 3. Suppose 2*j = 4*u + 5*j - 150, 0 = -3*u + x*j + 123. Is u a multiple of 13?
True
Suppose 3 = q - 8. Let a = q - -35. Does 21 divide a?
False
Let o(z) = 2*z**2 - 2*z + 8. Does 12 divide o(5)?
True
Let f(d) = 5*d**3 + 3*d**2 - 2*d. Let i(k) = 6*k**3 + 3*k**2 - 2*k. Let x(j) = 5*f(j) - 4*i(j). Let c be 2 + -4 + -4 + 3. Is 2 a factor of x(c)?
True
Let h = 6 - 3. Suppose 6*b = b + 5, 0 = 5*j + h*b + 47. Let x = j + 16. Is 3 a factor of x?
True
Let p(d) = -d**3 - 2*d - 1. Let h be p(-1). Suppose 2*c = -h*c + 76. Is c a multiple of 19?
True
Let q(k) = -k**2 + 6*k - 1. Let g be q(7). Is (-2)/g - 222/(-8) a multiple of 14?
True
Let d(g) = g**3 + 9*g**2 - 2*g + 3. Let i be d(-9). Is 14 a factor of i*(-1)/(-9)*6?
True
Let o be (-12)/(-7) - 4/(-14). Let n(i) = 27*i + 5. Let f be n(3). Suppose -f = -4*t - 3*b + b, 53 = o*t + 3*b. Does 19 divide t?
True
Suppose -3*l - 3*j = -l - 63, 3*j = 9. Let k be (-1*5)/(4/12). Let m = k + l. Is 9 a factor of m?
False
Suppose q - 1 = 3*y + 1, 0 = -2*q - 2. Let d = 15 - y. Is -1*(-4)/2 + d a multiple of 9?
True
Let c = -14 + 4. Let b = 17 + c. Is 2 a factor of b?
False
Suppose -g + 3 = -9. Let l be 4/g + (-70)/(-6). Let m(b) = -b**3 + 11*b**2 + 13*b - 5. Is 3 a factor of m(l)?
False
Suppose -2*u + 24 = -138. Is u a multiple of 9?
True
Let c = -52 + 20. Let n = 33 - c. Does 20 divide n?
False
Let i(l) = -l. Let k be i(-2). Suppose 0*o = -b + 2*o + 37, 3*o = k*b - 72. Is b a multiple of 11?
True
Suppose 5*m = k + 21, -k - 9 = -3*m - 4*k. Suppose -3*a = -4*a - i + 28, a - 53 = m*i. Does 11 divide a?
True
Is 10 a factor of -1 - (314/(-10) - 6/(-15))?
True
Let w(v) = 8*v**3 + 2*v**2 - v. Suppose -19 = -2*q + 3*c, 4*c + c = -25. Let b be (q/6)/(1/3). Is w(b) a multiple of 5?
False
Let a(r) = -r - 6. Let u be a(-9). Let y = -1 + u. Suppose 0*l = l - 2*c - 11, -y*c + 64 = 4*l. Is 5 a factor of l?
True
Suppose -4*g + 13 = -3. Let o(y) = 5 - 2*y**2 - g*y + 5*y**2 + y**3 + 0*y. Is 5 a factor of o(-4)?
True
Let n(o) = 34*o + 2. Let r be n(3). Suppose -b + 5*b = r. Suppose -d + b = -6. Is d a multiple of 16?
True
Let b be 6/(-12) + (-178)/4. Let v = b - -80. Does 15 divide v?
False
Suppose 2*k = 24 + 4. Suppose k = i + 3. Is 3 a factor of i?
False
Suppose 0 = -2*r + 3*r - 2*o - 139, -o = 5. Is 5 a factor of r?
False
Let f(j) = 4*j - j**3 - 2 + 2*j - 3 + 6*j**2. Is f(6) a multiple of 13?
False
Let k be (-4)/(-14) + (-120)/28. Let x = 3 - 5. Is 4 a factor of k/x + (-35)/(-7)?
False
Let p(g) = -g**3 + 4*g**2 - 3*g - 3. Let r be p(3). Let q = r + 9. Is 3 a factor of q?
True
Let v(a) = -3*a**3 + 9*a**2 + 4*a - 2. Let r(s) = -2*s**3 + 6*s**2 + 3*s - 1. Let l(c) = 8*r(c) - 5*v(c). Let n be l(4). Let m(j) = 5*j - 1. Does 9 divide m(n)?
True
Let u(c) = -c + 17. Let w be u(11). Is (-178)/(-9) + w/27 a multiple of 10?
True
Let j(x) = -5*x - 9. Let z be j(-7). Suppose 0*d - d + z = 0. Suppose 0 = h + 4, 5*f - 30 = -h + d. Does 6 divide f?
True
Let i(f) be the second derivative of -f**5/10 - f**4/6 + f**3/2 + f**2 + 2*f. Is i(-2) even?
True
Suppose 21 = 5*r - 19. Suppose 17 = 5*q - r. Is q a multiple of 5?
True
Let r(s) = s**3 - s**2 - 1. Let h(p) = 3*p**3 - 5*p**2 + p - 31. Let t(j) = -h(j) + 4*r(j). Is 11 a factor of t(0)?
False
Let l = -4 + 3. Let p be 84/30 + l/(-5). Let t = 14 + p. Is t a multiple of 6?
False
Suppose 8 = 2*j + 3*y, -j + 5*j - 5*y = 38. Let c be -4*3/(-4) + 1. Suppose -100 = -5*f + c*u, f - 29 - j = 4*u. Is 16 a factor of f?
True
Suppose 0 = -6*v + 2*v + 316. Is 8 a factor of v?
False
Let k be 4/(12/45)*3. Suppose k = l + 2*l. Is l a multiple of 5?
True
Suppose 8 = p + 5*x, -5*p - 46 = -4*x + 1. Let v = p + 48. Is 5 a factor of 2/4*(v + -7)?
False
Suppose 5*m = 12 + 8. Suppose 3*r = 4*d + 115 + 130, -d = 4*r - 295. Suppose -m*q - q = -r. Is 5 a factor of q?
True
Suppose 3*d + 2*c = 380, 3*d - 177 = -c + 205. Is 16 a factor of d?
True
Let n(r) = 4*r**3 + 2*r**2 - 7*r + 3. Let d be n(3). Let h = d + -40. Is 17 a factor of h?
True
Suppose 7*b = 2*b - 5. Let a = b + 2. Is a + -3 + 4 + 2 even?
True
Let b(o) = -4*o + 9. Let d(t) = -5*t + 9. Let g be (-50)/(-8) + 1/(-4). Let u(c) = g*b(c) - 5*d(c). Does 2 divide u(-4)?
False
Let r(y) = y**2 + 7*y + 2. Let m be r(-6). Let f(d) be the first derivative of -d**4/4 - d**3 - 3*d**2/2 - 2*d + 3. Does 13 divide f(m)?
True
Let h(g) = g**2 + 12*g - 56. Is h(12) a multiple of 8?
True
Let s(t) = 2*t**2 - 10*t - 1. Is 9 a factor of s(7)?
True
Suppose -5*l + 35 - 12 = 2*s, 0 = -3*s + 12. Suppose -2*b = 5*m + b - 58, l*m + 4*b = 37. Is 11 a factor of m?
True
Suppose 6*o + 14 = -10. Is 12 a factor of ((-504)/(-27))/(o/(-6))?
False
Let j be 0 + 2 - 268/4. Let m = j + 95. Does 15 divide m?
True
Suppose -a = -0*a - 27. Suppose r + a = 183. Is (-1)/3 - r/(-9) a multiple of 14?
False
Suppose 4*h - 9*h - 145 = 0. Let o = 44 + h. Is 3 a factor of o?
True
Suppose 3*q + 132 = 6*q. Suppose 3*j - 128 = -q. Does 16 divide j?
False
Let i = 7 - 3. Suppose -88 + 268 = i*z. Suppose 0*o = 3*o - z. Is o a multiple of 15?
True
Let l(i) = -i**2 - i + 74. Is 13 a factor of l(0)?
False
Let o(w) = w**3 + 7*w**2 - 4*w - 1. Is o(-4) a multiple of 21?
True
Let j = 5 - 1. Let k(g) = -g**3 - 1. Let v be k(-1). Suppose v = 5*x - 2*y - 19, -j*x - 4*y + 3 = -1. Is x a multiple of 2?
False
Let a = -4 + 4. Suppose -2*x + a + 15 = 3*q, -2*q - x = -9. Is q a multiple of 3?
True
Let p be 0*2/(-4) - -60. Let n(m) = -m**2 - m + 5. Let j be n(0). Suppose 5*i - p = -j*u + 3*i, -u + 12 = -2*i. Is 11 a factor of u?
False
Suppose 0*y = 2*y + 4. Is 3 a factor of (2/(-3))/(y/15)?
False
Suppose 5*h - 13*h + 424 = 0. Does 28 divide h?
False
Suppose 0 = -a + i + 7, -a + 13 = -0*i + i. Is 4 a factor of a?
False
Does 19 divide (192/(4 - 7))/(-2)?
False
Let r be 9/12 - 68/(-16). Suppose 8*h = r*h + 60. Is 16 a factor of h?
False
Let r(w) = w**2 - 7*w + 7. Let h be r(6). Suppose 0 = -f - h + 4. Suppose -72 = -g - f*g. Does 9 divide g?
True
Let a(h) = -h**3 + 2*h**2 + 2*h - 5. Let q be a(-4). Let g = -47 + q. Is 12 a factor of g?
True
Suppose 3*a = 132 + 138. Let r = a - 51. Is r a multiple of 18?
False
Let p be (-1)/((-1)/2) - 2. Suppose -4*g + p*g = 20. Let u(c) = 3*c**2 + 7*c + 5. Is 15 a factor of u(g)?
True
Does 26 divide 2/((-81)/(-78) + -1)?
True
Suppose -4*c - 3*g + 1 = -26, -3*c = 2*g - 21. Let x = 2 + c. Does 5 divide x?
False
Let l(r) = r - 2. Let o be l(2). Let s be (-4)/16*-4*2/(-1). Is 3 a factor of 0 + (o - -1 - s)?
True
Let y = 9 - 4. Let v(s) = -3*s**3 - 3*s**2 + 3*s + 6. Let u(w) = w**3 - w**2. Let h(n) = -4*u(n) - v(n). Is h(y) a multiple of 14?
False
Suppose 0 = -4*f - f + 260. Suppose -3*z - 2*v + f = 2*v, -72 = -4*z - 4*v. Suppose 2*x = x + z. Is x a multiple of 18?
False
Suppose 5*n = -5*n + 980. Is 26 a factor of n?
False
Suppose 0 = l - 2 - 0. Suppose -5*q + 101 = l*t - 5*t, 74 = 4*q + t. Is q a multiple of 4?
False
Suppose 3*k - 50 = -2*k. Let z = 14 + k. Is 8 a factor of z?
True
Let s = 366 + -120. Does 41 divide s?
True
Let z = 20 + -10. Suppose p - z = 41. Is p a multiple of 12?
Fa